).
-8
Let f(h) = -1146*h + 8019. Give f(7).
-3
Let j(u) = -2*u**2 - 50*u + 2. Calculate j(-21).
170
Let z(w) = w**2 - 21*w - 783. Determine z(0).
-783
Let x(n) = -2*n**3 - 53*n**2 - 98*n. Determine x(-2).
0
Let s(r) = -r**2 + 78*r - 617. Give s(9).
4
Let u(o) = -32*o**3 + 11*o**2 - 6*o + 9. Determine u(0).
9
Let z(d) = d**3 - 4*d**2 - 24*d + 1. Calculate z(9).
190
Let u(n) = 6*n + 394. Calculate u(-33).
196
Let v(x) = 19*x**3 + 5*x**2 - 13*x + 20. Give v(3).
539
Let n(b) = 3*b**2 - 1430*b - 10154. Calculate n(-7).
3
Let d(i) = 4*i**3 + 26*i**2 + 40*i + 126. Calculate d(-6).
-42
Let j(w) = -287*w**3 + 2*w**2 - 19*w - 21. Calculate j(-1).
287
Let y(t) = -47*t**3 + 2*t**2 - 8*t - 4. Give y(-2).
396
Let k(c) = 2*c - 448. Determine k(49).
-350
Let t(m) = m**3 - 137*m**2 - 567*m + 426. Calculate t(141).
3
Let p(s) = 2574*s - 5142. Give p(2).
6
Let x(j) = j**3 - 41*j**2 - 284*j + 146. Give x(47).
52
Let c(b) = b**3 - 5*b**2 - 2*b + 15. Give c(5).
5
Let w(f) = -8195*f - 41002. Give w(-5).
-27
Let d(y) = 1145*y - 18. Give d(0).
-18
Let q(b) = b**3 - 12*b**2 + 12*b - 112. What is q(9)?
-247
Let n(i) = 648*i - 8433. Calculate n(13).
-9
Let b(q) = -25*q - 30. Determine b(-2).
20
Let n(y) = 4276*y + 17087. What is n(-4)?
-17
Let a(g) = 175*g - 26. Calculate a(-3).
-551
Let t(u) = 1101*u - 56146. Determine t(51).
5
Let g(a) = -5*a**2 - 43*a + 173. Determine g(6).
-265
Let o(z) = -66*z - 2443. Determine o(-37).
-1
Let v(q) = q**2 + 221*q + 2482. What is v(-12)?
-26
Let q(c) = 2*c**2 - 58*c - 96. Give q(25).
-296
Let s(h) = -13*h**2 + 65*h + 97. What is s(12)?
-995
Let y(a) = a**2 + 87*a + 1889. Calculate y(-40).
9
Let k(j) = 153*j - 10149. What is k(66)?
-51
Let b(a) = a**3 + 11*a**2 + a - 8. What is b(-11)?
-19
Let m(y) = -1588*y - 6349. Give m(-4).
3
Let a(x) = x**3 + 77*x**2 + 139*x - 747. Determine a(-75).
78
Let j(l) = 54*l + 1528. What is j(-28)?
16
Let x(b) = 2*b**2 - 9*b + 5. Calculate x(-8).
205
Let p(i) = i**2 + 1069*i - 58285. Determine p(52).
7
Let c(w) = -w**2 + 44*w + 343. Determine c(38).
571
Let y(l) = l**2 - 597*l + 14302. Give y(25).
2
Let g(q) = 103*q**2. What is g(1)?
103
Let o(x) = -6*x**2 + 93*x + 42. What is o(16)?
-6
Let f(y) = 2*y**3 - 72*y**2 - 66*y - 220. Determine f(37).
76
Let x(i) = -2*i**2 - 73*i - 498. Determine x(-8).
-42
Let d(p) = -p**2 - 9*p + 3. Give d(11).
-217
Let t(l) = -l**2 + 41*l - 209. Calculate t(6).
1
Let s(h) = -53*h + 2216. Determine s(58).
-858
Let n(s) = 2*s**2 + 27*s + 5. What is n(-8)?
-83
Let r(f) = -f**3 + 47*f**2 - 421*f + 55. Calculate r(35).
20
Let r(h) = 8*h**2 - 15*h - 116. Calculate r(12).
856
Let l(q) = 2*q**2 + 618*q + 3625. Determine l(-6).
-11
Let c(m) = -7*m**2 - 494*m + 270. Calculate c(-71).
57
Let l(d) = 203*d - 2382. Calculate l(12).
54
Let w(h) = 14*h - 333. What is w(35)?
157
Let i(b) = -23*b - 23. Determine i(-2).
23
Let q(s) = -s**2 - 12*s + 1141. Calculate q(-40).
21
Let l(h) = 345*h + 230. Determine l(-1).
-115
Let r(q) = q**2 + 242*q + 1421. What is r(-6)?
5
Let r(i) = 39*i + 42. Give r(-3).
-75
Let f(x) = x**2 - 114*x + 1978. Determine f(91).
-115
Let c(y) = 10*y**2 - 69*y + 424. What is c(7)?
431
Let y(h) = -397*h + 8345. What is y(21)?
8
Let m(v) = -47*v + 741. Calculate m(16).
-11
Let c(s) = 225*s - 13476. Determine c(60).
24
Let l(z) = 2*z**3 - 76*z**2 + 667*z + 128. Calculate l(24).
8
Let c(j) = j**2 - 60*j + 50. Determine c(59).
-9
Let w(y) = y**2 - 31*y + 208. Determine w(21).
-2
Let j(b) = 6*b**2 + 458*b + 175. Calculate j(-76).
23
Let t(h) = -h**2 + 14*h + 37. What is t(23)?
-170
Let h(j) = 720*j + 3602. Calculate h(-5).
2
Let o(r) = 6*r + 419. Give o(-75).
-31
Let k(h) = -5*h + 154. Calculate k(32).
-6
Let u(v) = v**2 - 100*v - 76. Determine u(101).
25
Let s(t) = -3391*t + 135637. What is s(40)?
-3
Let h(i) = 21*i**3 - 58*i**2 + 23*i - 123. Calculate h(3).
-9
Let v(n) = 2*n + 70. Determine v(-26).
18
Let b(c) = c**3 + 8*c**2 + 22*c - 46. Give b(-4).
-70
Let d(c) = -c**3 + 12*c**2 + 27*c - 31. Determine d(14).
-45
Let p(u) = -2*u**2 - 148*u - 310. Determine p(-73).
-164
Let k(d) = -311*d + 3108. What is k(10)?
-2
Let x(d) = -4180*d - 91954. Determine x(-22).
6
Let d(l) = 1166*l - 13993. What is d(12)?
-1
Let z(m) = -3*m**2 - 21*m + 45. Give z(-9).
-9
Let c(o) = -2*o**3 + 43*o**2 - 28*o - 54. Determine c(21).
-201
Let q(w) = -5*w**2 - 20*w - 40. Give q(-4).
-40
Let t(o) = -11991*o + 47917. Calculate t(4).
-47
Let k(f) = f**2 + 19*f + 111. Calculate k(-12).
27
Let g(n) = -6*n**2 + 24*n + 39. Determine g(6).
-33
Let h(f) = -14*f - 202. What is h(-12)?
-34
Let w(g) = -5*g**2 - 215*g - 598. What is w(-40)?
2
Let s(u) = -u**2 + 42*u - 153. Calculate s(18).
279
Let d(o) = -o**2 + 85*o - 410. What is d(5)?
-10
Let a(q) = -50*q - 279. Calculate a(-6).
21
Let u(i) = 2*i**2 - 11*i + 2. Give u(10).
92
Let t(o) = -o**2 + 13933*o - 9. Determine t(0).
-9
Let l(q) = q**3 + 21*q**2 + 32*q + 103. Give l(-20).
-137
Let v(f) = f**3 - 36*f**2 - 302*f + 23. What is v(43)?
-20
Let m(z) = 4727*z + 85096. Determine m(-18).
10
Let d(k) = 18*k**2 - 487*k - 5. Give d(28).
471
Let l(n) = -1388*n - 2842. Calculate l(-2).
-66
Let y(p) = -5*p**2 - 62*p - 29. What is y(-20)?
-789
Let j(p) = p**2 - 2176*p - 33. Give j(0).
-33
Let y(n) = -n**3 - 21*n**2 - 90*n + 68. What is y(-7)?
12
Let r(b) = 98*b**2 + 9693*b - 894. Determine r(-99).
-3
Let y(l) = l**2 + 19*l + 82. What is y(-8)?
-6
Let d(x) = 717*x + 2203. Determine d(-3).
52
Let q(r) = 417*r - 4157. Calculate q(10).
13
Let m(v) = v**3 + 22*v**2 + 2*v - 111. Calculate m(0).
-111
Let f(s) = -s**3 - 27*s**2 - 182*s - 7. What is f(-10)?
113
Let n(z) = 2*z + 23. What is n(-7)?
9
Let y(d) = 2*d**3 + 54*d**2 + 39*d - 346. Calculate y(-26).
-8
Let q(g) = g**3 - 68*g**2 - 868*g - 75. Give q(79).
4
Let o(j) = j**2 - 23*j + 101. Give o(18).
11
Let x(u) = -4*u + 100. Calculate x(-33).
232
Let v(w) = w**3 + 31*w**2 - 27*w + 137. Determine v(-32).
-23
Let y(j) = 75*j - 12074. Calculate y(161).
1
Let g(o) = o**3 - 6*o**2 - 25*o + 55. Calculate g(9).
73
Let v(j) = j**2 + 19*j + 117. Determine v(-23).
209
Let p(u) = 8590*u + 34379. Calculate p(-4).
19
Let s(d) = -27*d + 217. Give s(25).
-458
Let r(v) = -26*v + 988. Determine r(40).
-52
Let b(d) = -203*d**2 + 6*d - 9. Determine b(1).
-206
Let s(h) = 39*h - 629. Give s(12).
-161
Let q(c) = c**3 + 3*c**2 - 10*c + 17. Determine q(-8).
-223
Let b(p) = -8*p**2 - 22*p + 250. Give b(-7).
12
Let h(l) = l - 25. What is h(-7)?
-32
Let a(q) = 2*q**2 - 315*q + 1230. Determine a(4).
2
Let o(n) = n**3 - 54*n**2 + 43*n + 553. Calculate o(53).
23
Let t(v) = -3*v - 256. Give t(0).
-256
Let x(h) = h - 134. Give x(5).
-129
Let g(s) = 8*s**2 + 6*s - 29. Calculate g(4).
123
Let v(w) = 2*w**3 - 30*w**2 + 72*w + 169. Give v(12).
169
Let w(u) = 2*u**3 + 337*u**2 + 171*u + 518. What is w(-168)?
14
Let c(f) = 5*f**2 - 296*f - 392. Give c(60).
-152
Let j(z) = -z**2 - 49*z - 425. What is j(-38)?
-7
Let y(i) = 289*i - 2031. What is y(7)?
-8
Let d(w) = -94*w + 1800. What is d(19)?
14
Let a(q) = -154*q + 5233. Calculate a(34).
-3
Let t(p) = 15*p + 866. Calculate t(-57).
11
Let s(b) = b**2 + 220*b - 15129. Calculate s(55).
-4
Let u(f) = f**3 - 240*f**2 + 3163*f + 229. Determine u(226).
3
Let z(g) = -16*g - 231. Give z(-25).
169
Let m(g) = 2*g**3 + 11*g**2 + g - 12. What is m(-5)?
8
Let s(n) = -5599*n - 11190. Calculate s(-2).
8
Let m(r) = -826*r - 20679. Give m(-25).
-29
Let x(y) = 43*y + 1709. Give x(-40).
-11
Let s(p) = p**2 - 105*p - 1395. Determine s(117).
9
Let d(t) = 10*t - 121. Give d(15).
29
Let y(o) = -2*o**2 - 49*o + 36. Give y(-22).
146
Let g(r) = r**2 + 23*r - 307. Determine g(-32).
-19
Let r(b) = -3*b**3 + 90*b**2 - 87*b - 7. What is r(29)?
-7
Let v(l) = -23*l**3 + 72*l**2 + 6. Give v(4).
-314
Let z(x) = 8*x**3 - 2*x**2 + 3*x + 3. Calculate z(-2).
-75
Let n(x) = x**2 - 60*x + 397. Determine n(53).
26
Let h(m) = m**2 - 15*m - 18. Give h(-15).
432
Let q(v) = -v**3 + 71*v**2 - 65*v - 92. Give q(70).
258
Let l(h) = -5*h - 296. Give l(10).
-346
Let s(j) = j**3 - 27*j**2 + 2*j + 117. What is s(27)?
171
Let c(r) = r**3 - 6*r**2 + 26*r - 93. Calculate c(5).
12
Let i(b) = -232*b - 64261. Determine i(-277).
3
Let d(i) = -i**2 + 68*i - 258. What is d(64)?
-2
Let g(k) = -10*k**2 + 58*k - 157. Give g(3).
-73
Let q(m) = -4*m**3 - 4*m**2 + 30*m + 68.